*a + 4*u - 9*u, 4*u = 16. Calculate the remainder when 1 + -2 + z - -2 is divided by a.
10
Let d(j) be the first derivative of -j**3/3 + 6*j**2 - 7*j + 4. What is the remainder when 49 is divided by d(10)?
10
Let x = 54 + -37. Suppose t + 5*i = -15, -5*t - 2*i + x = -0*t. Suppose 2*s + 8 - 34 = 0. Calculate the remainder when s is divided by t.
3
Let p = 172 - 93. What is the remainder when p is divided by 20?
19
What is the remainder when (-18)/(-27) - 157/(-3) is divided by 11?
9
Suppose 3*t - 3*d - 21 = 0, -t + 7 + 3 = -2*d. Suppose -5*w + 11 = -5*v + 71, 0 = -4*w + 4. Calculate the remainder when v is divided by t.
1
Suppose 0 = -v + 26 - 6. Calculate the remainder when (-4)/(-10) - 193/(-5) is divided by v.
19
Let p be ((-2)/4)/((-3)/(-84)). Let j = p + 27. Suppose 4*w + 56 = 152. What is the remainder when w is divided by j?
11
Suppose -3*s = -13 - 2. What is the remainder when s is divided by 3?
2
Suppose 2*n - 31 = -3*f + 1, 2*f - 19 = n. What is the remainder when 58 is divided by f?
8
Let f = 479 + -241. Calculate the remainder when f is divided by 30.
28
Let p = -49 - -52. What is the remainder when 4 is divided by p?
1
Let s = 6 - -13. What is the remainder when 40 is divided by s*(1 - 0) + 2?
19
Let x = 0 - 1. Calculate the remainder when 58 is divided by x + -3 + 0 + 19.
13
Suppose -2*o - 66 = -4*d, -d + 69 = -3*o - 5*d. Let t(b) = -2*b - 6. Let s be t(-4). What is the remainder when 5 is divided by o/(-12) - s/8?
1
Suppose 103 = -0*d + d. Suppose a - 362 = 5*l, 2*l + a = -39 - d. Let c = l + 103. Calculate the remainder when c is divided by 11.
9
Let w be 1*(-2 - -2) + -2. Let a = 20 - w. Calculate the remainder when a is divided by (4/6)/(22/396).
10
Let j = 6 - 2. Let k be (2/4)/(1/18). Let g(a) = a - 6. Calculate the remainder when j is divided by g(k).
1
Let b = 36 + -51. Let n be ((-6)/b)/((-2)/(-30)). Suppose -2*z + n*z = 188. What is the remainder when z is divided by 16?
15
Let c(z) = 10*z + 1. Suppose 0*q + 3 = q. What is the remainder when c(q) is divided by 18?
13
Let b be -2*(2 + (-63)/6). Suppose -g = 4*s + b, -2*s + 3 - 1 = 4*g. Suppose 0 = -2*m + 5*m - g. What is the remainder when 1 is divided by m?
0
Let k = -17 + 32. Suppose 12 = -2*c + 20. What is the remainder when k is divided by c?
3
What is the remainder when (-688)/(-8) + (-2 - -2) is divided by 22?
20
Let z = -11 - -31. Calculate the remainder when 38 is divided by z.
18
Let o = -21 + 21. Suppose -3 - 3 = -3*h. Suppose 4*r - h*r = -2*u + 96, o = 2*u + 10. What is the remainder when r is divided by 18?
17
Let c(m) = m**3 - m**2 - 2*m - 3. Suppose -3 + 0 = -p. Let l(o) = o**3 + 6*o**2 + 5*o + 5. Calculate the remainder when l(-4) is divided by c(p).
8
Suppose -4*q - 59 + 63 = 0. What is the remainder when 7 is divided by q?
0
Let v(s) = -s**3 - 5*s**2 - 4*s - 4. Suppose 4*r - 12 = r. Suppose 3*m = -r*n + 21, -4*m - 53 = -5*n + 12. What is the remainder when v(-5) is divided by n?
7
Let q = 16 - -16. Let g = -4 - 0. Let k(z) = z**2 - z - 3. What is the remainder when q is divided by k(g)?
15
Suppose 0 = -3*i - 7 + 46. What is the remainder when 45 is divided by i?
6
Let w be 4*(-3 - 51/(-12)). Suppose 3*d + 115 = w*x, -5*x + 66 = d - 29. Calculate the remainder when x is divided by 7.
6
Suppose 4*p + 0*p = 152. Calculate the remainder when p is divided by 10.
8
Suppose 0 = 2*m, -3*k = -8*k + m + 85. Calculate the remainder when 65 is divided by k.
14
Suppose 4*l - 5*d - 98 = 0, -4 = 3*d + 2. Calculate the remainder when l is divided by 13.
9
Let l = 2 - 0. Suppose -l*z + 17 = 3*g - 6, 2*z + 4*g = 24. What is the remainder when 19 is divided by z?
9
What is the remainder when 109 is divided by 2*2/4*28?
25
Let c(r) = -r**3 - 6*r**2 + 17*r + 19. Calculate the remainder when 86 is divided by c(-8).
9
Suppose 3*z + x - 10 = 2*z, 5*z - 50 = -2*x. Calculate the remainder when 39 is divided by z.
9
Let x(q) = q**3 - q**2 - q + 2. Let u = 1 - 1. Let f be x(u). Suppose 5*w + 2*d - 33 = 0, -3*w + f*d = 4*d - 19. What is the remainder when 12 is divided by w?
5
Let i = -11 + 31. Suppose -7*j = -2*j + i. Let f = 14 + j. Calculate the remainder when 19 is divided by f.
9
Let d(y) = 9*y**2 - y. Let j = -17 + 31. Calculate the remainder when j is divided by d(1).
6
Let n = -12 - -23. Calculate the remainder when 86 is divided by n.
9
Let q(c) = c + 8. Let t be q(7). Suppose d + t = 4*d. Suppose d*j - 61 = v - 5*v, -3*j + 47 = 5*v. Calculate the remainder when 17 is divided by j.
8
Suppose -u + 71 = 3*w, -w - 3*u = 3 - 16. Let x = -1 + 1. Suppose 5*v + 3*y - 51 = -x*y, 0 = v - 2*y - 5. Calculate the remainder when w is divided by v.
7
Suppose 0*f + 3 = 3*f. Calculate the remainder when 36 + -2 + 2 + f is divided by 19.
18
Suppose g = 4*g - 2*j - 25, -g + 3*j = -6. Calculate the remainder when 14 is divided by g.
5
Suppose 4*z = 3*g - 0*g + 665, 0 = 2*z - 5*g - 343. Suppose -5*f - z = -4*b - 37, -2*b + 51 = -5*f. What is the remainder when b is divided by 13?
12
Let i = -106 + 248. What is the remainder when i is divided by 24?
22
Let k be (-213)/5 - 4/10. Let c = -17 - k. Suppose -4*u + 5*u - 14 = 0. What is the remainder when c is divided by u?
12
Let r(b) = -b**3 + 4*b**2 - 2*b + 1. Suppose 2*x - 14 = 5*u - 3*u, 3*u + 5*x - 3 = 0. Let v = -1 - u. What is the remainder when r(3) is divided by v?
1
Calculate the remainder when 5/15*(10 - 1)*3 is divided by 9.
0
Suppose -5*x - 4*p + 37 = 0, -4*x - 5*p - 2 = -37. Calculate the remainder when x is divided by 4.
1
Calculate the remainder when (4/6)/(4/114) is divided by (1 + 0/(-3))*10.
9
Let g(l) = 17*l**2 - 17*l - 11. Let t be g(17). What is the remainder when t/56 + 6/(-16) is divided by 21?
19
Let i = 4 + -4. Let o be i/(4/(-3 + 1)). What is the remainder when o - (2 + -1*26) is divided by 13?
11
Suppose 4 = 2*l, 0 = 3*a + l + l + 20. Calculate the remainder when 68 is divided by (-7 - a)/((-2)/(-46)).
22
Let t(d) = 4*d**3 + 3*d**2 + 9*d + 19. Let p(c) = c**3 + c**2 + 3*c + 6. Let n(x) = -7*p(x) + 2*t(x). What is the remainder when 8 is divided by n(3)?
3
Suppose 5*y - 150 = -d, -2*y + 60 = 6*d - d. Let q = y + -24. Calculate the remainder when q is divided by 3.
0
Let h = 111 + -93. Calculate the remainder when 103 is divided by h.
13
Let k(y) = -y**3 - 6*y**2 - y + 4. Let i be k(-5). Let p = i + 26. Let c(l) = l**3 - 3*l**2 + 5*l + 3. What is the remainder when c(4) is divided by p?
9
Suppose 26 + 1 = 3*i. Calculate the remainder when 25 is divided by i.
7
Let v be (-4)/(5*(-4)/(-890)). What is the remainder when v/(-2) - (8 - 4) is divided by 22?
19
Suppose -l + 2*p + 16 - 5 = 0, -3*l - 2*p + 65 = 0. Calculate the remainder when 49 is divided by l.
11
Let y be (-4)/((3/(-21))/1). Suppose -3*s = 3*h - 8*h + 88, -3*s = -2*h + y. Calculate the remainder when h is divided by 7.
6
What is the remainder when 67/2 + (-8)/(-16) is divided by 19?
15
What is the remainder when 106/2*(14 - 13) is divided by 28?
25
Let v(q) be the first derivative of 2*q**3/3 + 5*q**2/2 - 4*q + 1. Calculate the remainder when (-2)/5 - (-117)/5 is divided by v(-4).
7
Suppose t + 4*y - 16 = 0, 3*t + 0*t + 4*y = 40. Calculate the remainder when 2/6*(101 + 1) is divided by t.
10
Let p(a) = 3*a - 1. Suppose -x - 4 = -3. Let s be p(x). Calculate the remainder when 2/(s*(-1)/22) is divided by 6.
5
Let m(i) = 3*i + 1. Calculate the remainder when 0 + -3 + -20 + 78 is divided by m(6).
17
Let w(g) = -g**3 + 9*g**2 - 6*g + 4. What is the remainder when 302 is divided by w(6)?
74
Let x(p) = -p + 62. What is the remainder when x(23) is divided by 8?
7
Let h = 5 - 0. Suppose w + 3*z - 34 = 2*z, 0 = h*w - 5*z - 170. Suppose r = -m + 12, -3*m + 3*r + 36 = -0*r. What is the remainder when w is divided by m?
10
Let x = 32 - 5. Suppose -3*d - 3*n + n = 18, 9 = 3*n. Calculate the remainder when x is divided by (-1)/4 + (-114)/d.
13
Let j(d) = 2*d**2 + 17*d - 6. Calculate the remainder when j(-12) is divided by 16.
14
Let b = 3 + 19. Let d = 8 - 2. Calculate the remainder when b is divided by d.
4
Let h = -7 + 18. Let o = -2 - -13. Suppose o*n - 6*n - 30 = 0. Calculate the remainder when h is divided by n.
5
Suppose 3*i = -0*i - 3*c + 15, 0 = 5*i - 4*c - 43. Let d = -26 + 59. What is the remainder when d is divided by i?
5
Suppose 0 = 4*r + 5*v - 111, 3*v + 141 - 